**2 + 45*s - 173. Give o(41).
-9
Let w(z) = 2*z + 16. Determine w(-10).
-4
Let v(y) = y**2 - 11*y - 15. Calculate v(12).
-3
Let s(g) = g**2 + 14*g + 22. Calculate s(-10).
-18
Let h(c) = -c**3 - 8*c**2 - 11*c + 15. Calculate h(-6).
9
Let y(j) = -j**3 - 6*j**2 - 6*j + 6. Give y(-5).
11
Let s(w) = w - 12. Give s(8).
-4
Let m(j) = -3*j**2 + j. Calculate m(-2).
-14
Let s(g) = g + 6. Determine s(-5).
1
Let j(r) = 5*r**2 - 9*r - 1. Calculate j(4).
43
Let y(j) = j**2 + 2*j + 7. Give y(-4).
15
Let f(l) = -l + 32. Give f(10).
22
Let n(m) = 3*m - 1. What is n(-6)?
-19
Let a(h) = -h**3 - 87*h**2 + 363*h - 99. What is a(-91)?
-8
Let r(a) = 47*a + 239. What is r(-5)?
4
Let p(k) = 4*k - 14. What is p(5)?
6
Let m(u) = -u**3 - 3*u**2 - 7*u - 16. Give m(-3).
5
Let t(n) = n**3 + 6*n**2 - 10. Determine t(-6).
-10
Let n(x) = -x + 12. Calculate n(5).
7
Let i(j) = -53*j + 25. Determine i(2).
-81
Let y(m) = m**3 - 5*m**2 - 3. Give y(5).
-3
Let m(g) = -3*g**2 - 44*g + 10. Calculate m(-15).
-5
Let h(g) = -g**2 + 30*g - 19. Calculate h(27).
62
Let w(l) = -l**2 + 9*l + 9. Determine w(7).
23
Let s(c) = c**3 - 2*c**2 + c. What is s(1)?
0
Let k(n) = n**2 - 3*n - 2. Give k(-1).
2
Let b(s) = -2*s**3 - 10*s**2 - 10*s - 6. Determine b(-4).
2
Let d(h) = h**3 + 14*h**2 + 10*h - 12. Determine d(-13).
27
Let v(u) = u + 8. Determine v(3).
11
Let m(f) = 3*f**2 - 2*f - 2. Give m(0).
-2
Let d(v) = v**3 - 11*v**2 + 9*v + 10. Give d(10).
0
Let o(w) = -w**2 + 1. Give o(-6).
-35
Let c(w) = -6*w**3 + w**2 - w - 2. What is c(-1)?
6
Let c(w) = 2*w**3 - w**2 + w + 1. Determine c(3).
49
Let b(d) = d**3 + 35*d**2 - 36*d + 24. What is b(-36)?
24
Let s(p) = 2*p. Calculate s(-7).
-14
Let a(q) = -q**3 + 4*q**2 - 7*q + 6. What is a(5)?
-54
Let y(x) = 3*x**2 - 14*x + 3. Calculate y(6).
27
Let w(q) = -3*q**3 + q**2 - 1. Give w(1).
-3
Let v(i) = 7*i - 38. What is v(4)?
-10
Let g(j) = -48*j - 66. What is g(-1)?
-18
Let h(n) = 2*n**2 + 76*n - 13. What is h(-38)?
-13
Let r(a) = -2*a**2 + 14*a - 18. Determine r(4).
6
Let v(d) = -d**3 + 5*d**2 + 6*d + 2. Determine v(5).
32
Let h(m) = m**3 + 8*m**2 - m - 9. Determine h(-6).
69
Let c(n) = n**3 + 18*n**2 + n + 25. Calculate c(-18).
7
Let o(d) = d**3 + 33*d**2 - 32*d + 69. Give o(-34).
1
Let f(s) = -s**2 - 8*s. Give f(-6).
12
Let l(h) = -2*h**3 + 2*h**2 - 10*h - 2. Determine l(0).
-2
Let o(v) = -v**3 - 7*v**2 + 10*v + 7. Determine o(-7).
-63
Let o(j) = -9*j - 4. Give o(-16).
140
Let v(d) = -2*d**2 + 5*d + 2. What is v(0)?
2
Let x(z) = 9*z**2 + 15*z - 21. What is x(1)?
3
Let s(u) = -4*u + 59. Determine s(16).
-5
Let s(f) = f**3 + f**2 - 2*f - 29. Give s(0).
-29
Let m(d) = -3*d**2 - 9*d + 26. Calculate m(-5).
-4
Let g(f) = -2*f**3 + 10*f**2 - 8*f - 4. What is g(3)?
8
Let v(o) = -8*o**2 + 48*o - 13. Determine v(6).
-13
Let o(i) = -i**2 + 47*i - 247. Calculate o(41).
-1
Let q(p) = -2*p**2 - 13*p + 14. What is q(-7)?
7
Let j(s) = -17*s + 52. Give j(3).
1
Let q(z) = z**2 + 7*z. What is q(-6)?
-6
Let j(f) = 2*f**2 - 3*f - 5. Calculate j(-1).
0
Let f(c) = 14*c - 316. Determine f(22).
-8
Let s(l) = -l**3 - 13*l**2 - 12*l + 1. Calculate s(-12).
1
Let l(g) = -4*g - 6. What is l(7)?
-34
Let j(m) = -2*m**2 - 3*m + 28. Calculate j(-5).
-7
Let a(z) = -z**2 - 2*z - 3. Give a(0).
-3
Let k(l) = l**3 + 12*l**2 + 22*l + 19. Give k(-10).
-1
Let u(i) = -2*i**3 + 35*i**2 + 21*i - 56. Determine u(18).
-2
Let z(u) = u - 15. What is z(0)?
-15
Let i(z) = -3*z + 5. Give i(11).
-28
Let z(a) = 200*a + 1803. Determine z(-9).
3
Let b(x) = 7*x - 20. Determine b(5).
15
Let b(a) = 15*a - 120. Give b(7).
-15
Let d(h) = -h - 2. Give d(1).
-3
Let q(n) = -n - 4. Give q(9).
-13
Let s(c) = -11*c + 207. Calculate s(20).
-13
Let s(t) = -t**2 + 9*t - 5. What is s(11)?
-27
Let x(t) = -2*t**2 + t - 7. Calculate x(0).
-7
Let k(o) = 41*o + 213. What is k(-5)?
8
Let o(b) = b**3 + 3*b**2 - 7*b - 19. Give o(-3).
2
Let b(x) = -11*x**2 - 9*x + 4. Calculate b(-3).
-68
Let q(k) = -k**2 + 10*k - 8. What is q(8)?
8
Let t(o) = -12*o - 221. Determine t(-18).
-5
Let m(x) = -x**3 + 15*x**2 - 13*x - 19. Calculate m(14).
-5
Let x(s) = -33*s - 1. Determine x(1).
-34
Let f(r) = 23*r + 1033. Determine f(-45).
-2
Let u(s) = 233*s + 2333. What is u(-10)?
3
Let t(n) = n + 7. Determine t(-11).
-4
Let g(y) = 2*y**3 + y**2 - y. Calculate g(1).
2
Let t(i) = -6*i + 36. Give t(5).
6
Let o(p) = 11*p + 44. What is o(-4)?
0
Let c(d) = -20*d + 89. Give c(4).
9
Let n(d) = -20*d**3 + 2*d + 1. Determine n(-1).
19
Let j(k) = -k**2 + 2*k + 2. What is j(0)?
2
Let f(d) = -d**2 + 8*d + 7. Determine f(9).
-2
Let l(r) = -r**3 + 6*r**2 + 4*r + 16. Determine l(7).
-5
Let z(j) = -j. Determine z(-3).
3
Let f(d) = -19*d**2 - 268*d - 29. Determine f(-14).
-1
Let i(q) = 4*q**2 - 3*q + 1. Calculate i(1).
2
Let y(l) = -l**2 + l + 26. Determine y(8).
-30
Let h(s) = s**3 - 6*s**2 - 2*s + 2. What is h(6)?
-10
Let j(d) = d**3 + 10*d**2 - 5*d - 5. Calculate j(-10).
45
Let y(u) = 13*u - 67. What is y(6)?
11
Let f(k) = k + 10. Calculate f(-4).
6
Let h(y) = 3*y**2 + 24*y + 48. Determine h(-7).
27
Let q(y) = 3*y**2 + 2*y + 3. Calculate q(3).
36
Let t(v) = -v**3 + 2*v + 1. What is t(-2)?
5
Let q(v) = 5*v - 2. Give q(-2).
-12
Let o(u) = u**2 - 4*u - 1. What is o(4)?
-1
Let n(a) = a**3 + 4*a**2 - 3*a - 5. Give n(-4).
7
Let q(k) = k**2 + k + 53. Give q(0).
53
Let m(v) = v - 8. Determine m(10).
2
Let r(y) = 9*y - 10. Calculate r(-5).
-55
Let v(b) = 3*b - 25. Calculate v(5).
-10
Let k(r) = 2*r + 2. What is k(-11)?
-20
Let g(c) = -c - 3. Give g(4).
-7
Let t(f) = -2*f**3 + 41*f**2 - 56*f - 24. What is t(19)?
-5
Let i(o) = 3*o**2 - 7*o - 36. Determine i(8).
100
Let k(n) = 2*n - 5. What is k(2)?
-1
Let y(n) = -n**2 - 9*n - 10. Give y(-8).
-2
Let y(z) = -18*z**3 - 1. What is y(-1)?
17
Let i(d) = -2*d**3 - 19*d**2 - 8*d + 4. Give i(-9).
-5
Let p(n) = -n**2 - 9*n + 1. Calculate p(-11).
-21
Let k(q) = -q**3 - 9*q**2 - 2*q - 19. Give k(-9).
-1
Let o(a) = a**2 + 12*a + 24. Determine o(7).
157
Let c(o) = o**3 + 2*o**2 - 5*o - 5. What is c(-3)?
1
Let i(u) = -u**2 + 5*u - 10. Determine i(2).
-4
Let y(s) = s**3 - 9*s**2 + 4*s + 28. Calculate y(8).
-4
Let f(h) = -h**3 - 9*h**2 + 21*h + 27. Give f(-11).
38
Let a(h) = -h**3 - 18*h**2 + 20*h + 19. Calculate a(-19).
0
Let y(r) = 5*r**2 + 3*r - 1. Determine y(-2).
13
Let j(s) = 2*s**2 + 45*s + 17. Give j(-22).
-5
Let t(f) = -f**2 + 5*f + 36. Calculate t(8).
12
Let o(s) = s**3 + 3*s**2 - 3. What is o(-3)?
-3
Let x(v) = -v**2 - 18*v + 89. Give x(-22).
1
Let o(q) = -3*q + 17. Give o(6).
-1
Let j(s) = 3*s - 13. Determine j(4).
-1
Let b(j) = 32*j**3 + 2*j**2 + 3*j + 2. Give b(-1).
-31
Let n(x) = -x**3 + x**2 - x - 48. Determine n(0).
-48
Let a(j) = 20*j**2 - 2*j + 2. What is a(1)?
20
Let t(j) = -5*j + 31. Determine t(6).
1
Let h(v) = -3*v - 43. Calculate h(-20).
17
Let o(h) = -3*h**2 - 20*h - 20. Calculate o(-5).
5
Let b(s) = 4*s**2 - 2*s - 4. Determine b(3).
26
Let p(k) = 6*k + 38. What is p(-7)?
-4
Let n(a) = 2*a**3 + 41*a**2 - 24*a - 60. Give n(-21).
3
Let l(f) = -f + 27. Calculate l(3).
24
Let a(f) = -5*f + 5. Determine a(-1).
10
Let n(z) = z**3 - 19*z**2 + 20*z - 34. What is n(18)?
2
Let v(h) = h**3 - 9*h**2 + 7*h + 12. What is v(8)?
4
Let t(v) = -v**3 - 6*v**2 - 5*v - 7. What is t(-6)?
23
Let t(n) = -n**3 - 3*n**2 - 10*n - 50. What is t(-3)?
-20
Let z(b) = -b**3 + 26*b**2 - 24*b + 38. What is z(25)?
63
Let l(w) = -w**3 + w**2 - 3*w + 4. Calculate l(-3).
49
Let o(x) = 47*x + 604. What is o(-13)?
-7
Let v(i) = i**3 + 7*i**2 - i - 8. Calculate v(-7).
-1
Let u(s) = s**3 + 9*s**2 + 8*s - 17. Calculate u(-7).
25
Let m(g) = -g - 4. Give m(7).
-11
Let t(z) = -z**2 - 4*z - 3. Give t(-3).
0
Let r(t) = -t**3 + 8*t**2 - 9*t - 3. Give r(7).
-17
Let t(i) = 2*i**2 - 2*i - 3. Calculate t(2).
1
Let k(u) = -5*u**2 - 2*u + 4. Give k(2).
-20
Let z(i) = i**2 - 5*i - 10. Calculate z(7).
4
Let u(r) = r**3 - r**2 - r - 1. Give u(0).
-1
Let b(q) = -2*q**2 - q + 2. Give b(3).
-19
Let k(u) = 2*u + 53. What is k(-23)?
7
Let l(h) = -2*h**2 - 23*h - 11. What is l(-11)?
0
Let l(b) = -16*b - 73. Calculate l(-4).
-9
Let n(a) = -11*a. Calculate n(-2).
22
Let o(u) = u + 103. Calculate o(0).
103
Let m(c) = c**3 + 7*c**2 - 5*c - 3. Give m(-8).
-27
Let k(c) = 4*c + 2. Calculate k(6).
26
Let g(s) = s**2 + 2*s - 8. What is g(3)?
7
Let u(y) = y**3 + 45*y**2 + 38*y - 264. What 